5?
14
Let u be (3/1)/((-5)/(-5)). Suppose -8*g - 132 = -u*g + i, 2*g - 4*i + 66 = 0. What is the remainder when 10 is divided by g/(-5) + (-6)/(-10)?
4
Let n(r) = r**2 - 2*r + 2. Let y be n(2). Calculate the remainder when 12 is divided by -2 - (-11 - -1*y).
5
Suppose 14 - 1 = -2*d + 3*v, 0 = 5*d + 3*v + 1. Suppose 0 = f + 2*f - 54. What is the remainder when d - (1 + (-35 - 2)) is divided by f?
16
Suppose -5*z - u + 30 = 0, 13 + 2 = -3*u. What is the remainder when z is divided by 3?
1
Suppose -110 = -5*o - 4*u, 4*o - 4*u - 70 = -o. Calculate the remainder when 51 is divided by o.
15
Suppose 0 = -6*h + 8*h - 46. What is the remainder when h is divided by 0 + 9*(-2)/(-3)?
5
Suppose -p - 2*w + 27 = 0, 2*w = 3*p + 5*w - 84. Suppose -p = -2*j - 11. Calculate the remainder when 16 is divided by j.
7
Suppose 4*w - r - 1 = 11, 5*w + r = 6. Let q = 5 - w. Let y = -2 + 4. Calculate the remainder when q is divided by y.
1
Let t = 9 - 6. Suppose 2*u = -t*u + 4*s + 49, 16 = 4*s. What is the remainder when 38 is divided by u?
12
Let l(d) = 2*d**2 - 2*d**2 + 8*d - 4 + 0 + d**2. What is the remainder when l(5) is divided by 16?
13
Let n(s) = 3*s + 3. Let l(x) = -x - 1. Let h(r) = -17*l(r) - 6*n(r). Let i be h(-3). What is the remainder when 24 is divided by 1 - (i + -15 - -1)?
11
Let s = -5 + 8. Let q be (-1)/(s/(-243)) + 3. Suppose -4*z + 59 = 3*l - q, 0 = -3*z - 5*l + 99. Calculate the remainder when z is divided by 20.
18
Suppose c = -2*c + 39. Suppose -33 - 4 = -x. Calculate the remainder when x is divided by c.
11
Let o = -22 + 33. Let x be (-16)/6*(-9)/(-2). What is the remainder when o is divided by (-56)/x + 2/(-3)?
3
Suppose -v - 17 = -2*v. What is the remainder when v is divided by ((-10)/(30/27))/(1/(-1))?
8
What is the remainder when ((-16)/(-10))/((-4)/(-210)) is divided by 29?
26
Let z = 6 - -9. What is the remainder when 27 is divided by z?
12
Suppose -3*a - 6*x + 24 = -2*x, 0 = 5*a - 5*x - 75. What is the remainder when (-9)/(-3)*118/6 is divided by a?
11
Let y = -113 - -185. Calculate the remainder when (4/(-8))/((-2)/y) is divided by 5.
3
Suppose 5*d + 0*d - 115 = 0. Suppose -5*j + f = -d - 3, 4*j = -5*f + 44. Let m(z) = 16*z + 1. Calculate the remainder when m(1) is divided by j.
5
Let j be -6 + 6 + (6 - 1). Suppose 4*g = j*r + 466, -236 - 228 = -4*g + 4*r. What is the remainder when g is divided by 29?
27
Let k(m) = 11*m**3 - 2*m**2 + 2*m - 1. Let u be k(1). Suppose 0*j - u = -5*j. Suppose j*s + 56 = 6*s. Calculate the remainder when s is divided by 8.
6
Let x(l) = -l**2 + 6*l - 4. Let r = -6 - -11. Let y be x(r). Let u(t) = 13*t**3 + 2*t**2 - t. Calculate the remainder when 41 is divided by u(y).
13
Suppose 6*d - 13*d + 392 = 0. Calculate the remainder when d is divided by 30.
26
Suppose -2*h - 15 + 95 = 0. Calculate the remainder when h is divided by 2.
0
Suppose 3*w + i = 5*i - 99, 4*w - i = -132. Let n = -20 - w. Calculate the remainder when 50 is divided by n.
11
Let y(h) = 24*h**2 - h + 1. Calculate the remainder when 46 is divided by y(1).
22
Let w = -48 - -68. Calculate the remainder when 55 is divided by w.
15
Suppose 4*k - 70 = -2*i - 0*k, -k = i - 31. What is the remainder when 50 is divided by i?
23
Suppose -2*m + 2*x - 13 = -3*m, 0 = -4*m - 5*x + 61. Suppose i = m + 6. Calculate the remainder when i is divided by (7/(-4))/((-1)/4).
4
What is the remainder when 85 is divided by 1/(10/296) + (-2)/(-5)?
25
Suppose 4*g - 84 = 12. Suppose 4*o - g = 124. Calculate the remainder when o is divided by 13.
11
Let p(w) = 2*w**2 - 3*w + 2. What is the remainder when p(2) is divided by 2?
0
Let x be -2*(-9)/6 + 0. Let v = 21 + -12. Calculate the remainder when v is divided by ((-2)/x)/((-6)/45).
4
Suppose 2*f + 9 = -5*d + 68, 0 = -4*f + 5*d + 43. What is the remainder when f is divided by 12?
5
Let n = -123 - -65. Let d = n + 88. Let o = d - 11. What is the remainder when o is divided by 10?
9
What is the remainder when 315/6*6/9 is divided by 19?
16
Suppose -3*j = -6*j + 42. Let v = 24 - 16. What is the remainder when j is divided by v?
6
Let n be ((-1)/(-2))/(2/12). Let r = 0 + n. Let a = r + 0. What is the remainder when 4 is divided by a?
1
Let l be -2*1 - (-251 - -2). Suppose -4*n - 91 + l = 0. What is the remainder when n is divided by 20?
19
Let k be ((-20)/6)/((-2)/3). Calculate the remainder when 67 is divided by 1/(((-10)/(-46))/k).
21
Let x = -12 - -15. Suppose -3*y = 4*g - 10, -4*g = -x*y + y + 40. What is the remainder when 39 is divided by y?
9
Let l = 7 + -4. Let i(z) = 13*z - 2. Calculate the remainder when i(l) is divided by (-1 - -2)/((-2)/(-26)).
11
Let q = 9 + 0. Suppose a - 4*a + 6 = 0. Calculate the remainder when 222/q*3/a is divided by 19.
18
Let w = 420 - 243. Suppose -2*o - 20 = -6*o. What is the remainder when w/21 - 6/14 is divided by o?
3
Let u(d) = -d**2 - 9*d + 13. What is the remainder when u(-9) is divided by 3?
1
Let q = -34 - -66. What is the remainder when 94 is divided by q?
30
Let k(a) = 7*a + 2. Let m(u) = 2*u**3 - u + 1. Let z be m(1). Suppose z*j - j = 9. Calculate the remainder when k(2) is divided by j.
7
Let s(k) = 2*k**2 - k - 1. Suppose 0 = -9*w + 4*w + 3*u, -w + 8 = u. What is the remainder when s(4) is divided by (w - 1)/(3/21)?
13
Calculate the remainder when 14 is divided by (-36)/10*(0 - 25/10).
5
Let t(f) = f**3 + 18*f**2 + 33*f + 23. What is the remainder when t(-16) is divided by (-14)/(-3) + 4/(-6)?
3
Calculate the remainder when 68 is divided by ((-23)/(-4))/(1/4).
22
Let o be (5 - 2) + -2 + 0. Let w = 18 + o. What is the remainder when w is divided by 7?
5
Let i(g) = -2*g - 3. Let y be i(-3). Suppose 4*l - 5 - 7 = 3*b, l - 2*b - y = 0. What is the remainder when 5 is divided by l?
2
Let v be 8/3*3*2. What is the remainder when 23 is divided by ((-12)/(-8))/(3/v)?
7
Let v = 38 - 24. Calculate the remainder when ((-2)/(-6))/((-1)/(-81)) is divided by v.
13
Suppose 60 = 5*r + 5*u, -u = 3*r - 5*r + 33. Suppose -3*o - b + 89 = -o, 0 = 4*b - 4. Calculate the remainder when o is divided by r.
14
Suppose 2*o = 3*c - 3*o - 53, 4*o - 8 = 0. What is the remainder when 80 is divided by c?
17
Let s(m) = m**3 - m**2 + 3. Let p be s(0). Suppose 3*h - 6 = p. What is the remainder when 3 is divided by h?
0
Suppose 0*i - 29 = 4*y - i, 4*i - 20 = 0. Let a = -1 - y. Suppose -a*h + 108 = -h. What is the remainder when h is divided by 15?
12
Suppose 2*y - 5*f - 14 = -3*f, -y - 2*f = 2. What is the remainder when 11 is divided by y?
3
Let q(u) = u**2 - 2*u - 1. What is the remainder when q(-4) is divided by 13?
10
Suppose -2*q - 6 = -3*a, -25 = a - 5*a - 3*q. Suppose 0 = a*i - i - 39. What is the remainder when 50 is divided by i?
11
Suppose -5*n + 10*n = -35. Let y(i) = -i**3 - 7*i**2 - i - 3. Let x be y(n). Let d = x + 3. What is the remainder when d is divided by 4?
3
Suppose 0 = 2*w + 3 - 13. Let s(k) = k**2 - 4*k + 6. What is the remainder when 21 is divided by s(w)?
10
Let r = 23 - -8. What is the remainder when 153 is divided by r?
29
Let n(a) = 4*a. Let z be n(1). Suppose 6*o + 20 = z*s + 2*o, -2*s = -4*o - 2. Calculate the remainder when 16 is divided by s.
7
Let d(m) = -2*m - 10. What is the remainder when 6 is divided by d(-8)?
0
Suppose 6 = -2*y + 4*y. Suppose -72 = -y*d + 15. Calculate the remainder when d is divided by 15.
14
What is the remainder when 123 is divided by ((-18)/(-24))/(1 - 23/24)?
15
Let k be (20/12)/((-1)/(-21)). Suppose 2*q - n - 80 - k = 0, 2*n = -6. Let d = q - 27. Calculate the remainder when d is divided by 15.
14
Suppose 5*t - 4*t + 12 = 3*p, -5*t = 4*p - 16. Let x(o) = 5*o + 1. Calculate the remainder when x(p) is divided by 12.
9
Let u = -25 - -40. What is the remainder when u is divided by 10?
5
Suppose 2*t - l + 1 = 0, 0 = -3*t - l + 8 + 3. Suppose n - 5*n = 0. Suppose n = -4*p + 9 + 7. Calculate the remainder when p is divided by t.
0
Let d(a) be the third derivative of -a**5/60 - a**4/24 + 5*a**3/2 + a**2. Calculate the remainder when 29 is divided by d(0).
14
Suppose -s + 19 = -3. What is the remainder when 83 is divided by s?
17
Suppose -2*f + 30 = -10. Suppose q - 2 = -0*q. Calculate the remainder when f is divided by (-57)/(-5) + q/(-5).
9
Suppose 0 = 3*k + 2*k + 5*l - 60, -5*k - 2*l + 60 = 0. What is the remainder when 31 is divided by k?
7
Let k(n) = 